late the greatest common factor of 53802 and 183.
183
Calculate the greatest common divisor of 156 and 4.
4
Calculate the greatest common factor of 42 and 70.
14
Calculate the greatest common divisor of 120 and 105.
15
What is the highest common divisor of 20 and 580?
20
What is the highest common divisor of 27 and 864?
27
Calculate the greatest common divisor of 530 and 5088.
106
Calculate the highest common factor of 4 and 37.
1
What is the highest common factor of 6 and 59?
1
Calculate the greatest common divisor of 370 and 3.
1
Calculate the highest common factor of 1568 and 98.
98
Calculate the greatest common factor of 18993 and 39.
39
Calculate the highest common factor of 575 and 437.
23
Calculate the highest common divisor of 4848 and 672.
48
What is the greatest common divisor of 5299 and 14?
7
What is the greatest common factor of 792 and 144?
72
What is the highest common factor of 1116 and 252?
36
Calculate the greatest common divisor of 138 and 8418.
138
What is the greatest common factor of 384 and 504?
24
What is the greatest common factor of 20 and 54140?
20
What is the greatest common divisor of 2537 and 118?
59
Calculate the greatest common factor of 312 and 39.
39
What is the highest common divisor of 2 and 300?
2
Calculate the highest common divisor of 738 and 410.
82
Calculate the highest common factor of 396 and 187.
11
What is the greatest common factor of 9 and 2763?
9
What is the highest common factor of 10 and 96?
2
What is the greatest common divisor of 70 and 196?
14
Calculate the greatest common divisor of 63 and 399.
21
What is the highest common factor of 1653 and 228?
57
What is the greatest common factor of 10 and 65?
5
Calculate the greatest common factor of 448 and 196.
28
What is the highest common divisor of 1384 and 152?
8
What is the highest common divisor of 8768 and 274?
274
What is the greatest common factor of 20610 and 60?
30
Calculate the highest common factor of 81 and 297.
27
What is the greatest common divisor of 592 and 184?
8
What is the greatest common factor of 1050 and 690?
30
What is the highest common factor of 21784 and 112?
56
What is the greatest common divisor of 156 and 195?
39
What is the greatest common divisor of 1472 and 46?
46
What is the greatest common factor of 10400 and 320?
160
Calculate the greatest common factor of 1 and 31.
1
What is the greatest common divisor of 132 and 14388?
132
Calculate the highest common divisor of 95 and 95.
95
What is the highest common factor of 15450 and 3?
3
Calculate the highest common factor of 473 and 55.
11
What is the highest common factor of 8 and 720?
8
Calculate the highest common divisor of 183 and 3.
3
Calculate the greatest common divisor of 10 and 1810.
10
What is the greatest common divisor of 26 and 5083?
13
Calculate the greatest common factor of 2 and 98.
2
What is the greatest common factor of 2655 and 45?
45
Calculate the highest common divisor of 90 and 204.
6
What is the greatest common factor of 20 and 4940?
20
Calculate the greatest common divisor of 29 and 43181.
29
What is the greatest common factor of 48 and 54?
6
What is the greatest common divisor of 17 and 2?
1
Calculate the greatest common factor of 143 and 52.
13
What is the highest common factor of 40 and 1440?
40
Calculate the highest common factor of 21 and 1743.
21
Calculate the greatest common factor of 259 and 49.
7
Calculate the greatest common divisor of 952 and 3570.
238
What is the highest common divisor of 46 and 2?
2
What is the highest common divisor of 8 and 2344?
8
What is the highest common factor of 12448 and 389?
389
What is the greatest common factor of 40 and 5?
5
What is the highest common divisor of 345 and 207?
69
What is the highest common factor of 10489 and 85?
17
Calculate the highest common factor of 23871 and 219.
219
What is the highest common factor of 44 and 17?
1
Calculate the greatest common factor of 169 and 13.
13
What is the highest common divisor of 112 and 616?
56
What is the greatest common factor of 247 and 26?
13
Calculate the greatest common divisor of 24 and 54.
6
What is the greatest common factor of 296 and 962?
74
What is the greatest common divisor of 16 and 97360?
16
Calculate the highest common factor of 9116 and 344.
172
What is the greatest common divisor of 8650 and 25?
25
What is the highest common factor of 414 and 18?
18
Calculate the greatest common divisor of 3493 and 35.
7
Calculate the highest common factor of 190 and 110.
10
What is the greatest common divisor of 3006 and 3?
3
What is the highest common divisor of 416 and 130?
26
Calculate the highest common divisor of 219 and 54.
3
Calculate the greatest common factor of 7 and 28.
7
Calculate the highest common divisor of 535 and 55.
5
Calculate the highest common factor of 22 and 715.
11
Calculate the highest common divisor of 1 and 490.
1
Calculate the greatest common divisor of 1392 and 12.
12
What is the greatest common divisor of 72 and 1278?
18
What is the highest common factor of 34 and 43333?
17
What is the highest common divisor of 19 and 817?
19
What is the highest common divisor of 401 and 8?
1
Calculate the greatest common divisor of 164 and 51004.
164
Calculate the greatest common divisor of 10 and 8830.
10
What is the greatest common divisor of 2667 and 1651?
127
Calculate the highest common factor of 32 and 254.
2
Calculate the highest common divisor of 512 and 32.
32
What is the greatest common factor of 8033 and 145?
29
What is the greatest common divisor of 280 and 40?
40
What is the highest common factor of 16 and 112?
16
Calculate the greatest common factor of 3484 and 536.
268
What is the highest common divisor of 336 and 48?
48
What is the highest common divisor of 107 and 3317?
107
What is the highest common factor of 657 and 279?
9
Calculate the highest common factor of 1001 and 5236.
77
What is the greatest common divisor of 41829 and 219?
219
Calculate the highest common divisor of 399 and 1425.
57
Calculate the greatest common divisor of 8 and 292.
4
What is the highest common factor of 104 and 442?
26
Calculate the greatest common divisor of 63 and 315.
63
What is the highest common factor of 352 and 154?
22
What is the highest common divisor of 144 and 64?
16
What is the highest common divisor of 206 and 7?
1
What is the greatest common divisor of 350 and 250?
50
Calculate the greatest common divisor of 32 and 376.
8
Calculate the greatest common factor of 35710 and 20.
10
Calculate the greatest common factor of 105 and 770.
35
What is the greatest common divisor of 873 and 1940?
97
Calculate the greatest common factor of 11436 and 12.
12
Calculate the highest common divisor of 1309 and 308.
77
Calculate the highest common factor of 213 and 3.
3
Calculate the greatest common divisor of 90 and 1440.
90
What is the greatest common divisor of 9964 and 212?
212
Calculate the highest common factor of 209 and 22.
11
Calculate the highest common factor of 9474 and 6.
6
Calculate the highest common factor of 8 and 9.
1
What is the highest common divisor of 748 and 340?
68
Calculate the greatest common factor of 39 and 1014.
39
Calculate the highest common divisor of 75 and 165.
15
Calculate the greatest common factor of 27232 and 368.
368
What is the greatest common divisor of 480 and 270?
30
Calculate the greatest common divisor of 140 and 175.
35
What is the highest common divisor of 2167 and 788?
197
Calculate the greatest common factor of 22016 and 43.
43
Calculate the highest common factor of 59 and 1357.
59
What is the greatest common divisor of 650 and 675?
25
Calculate the greatest common factor of 24 and 24.
24
What is the highest common factor of 2650 and 100?
50
Calculate the greatest common divisor of 3 and 27.
3
What is the greatest common divisor of 1978 and 46?
46
What is the highest common factor of 36 and 84?
12
What is the greatest common factor of 1005 and 60?
15
What is the greatest common factor of 3480 and 336?
24
What is the greatest common factor of 42 and 658?
14
Calculate the highest common divisor of 1140 and 19.
19
Calculate the greatest common factor of 292 and 949.
73
What is the greatest common divisor of 2744 and 1764?
196
Calculate the highest common factor of 35 and 77.
7
Calculate the highest